ns digit of c?
2
Let s(f) = 2081*f + 421. What is the tens digit of s(11)?
1
Let t = 21182 + -11416. What is the tens digit of t?
6
Suppose o = -3*o - 224. Let a be 3 + 11/((-44)/o). Suppose 95 - a = k. What is the units digit of k?
8
Let r be (21/4)/(2/(-16)). Let z be (-156)/r - 4/(-14). Let p = z + 87. What is the units digit of p?
1
Let a(w) = -145*w - 140*w + 27 - 133*w + 411*w. Let o = -2 - 15. What is the tens digit of a(o)?
4
What is the hundreds digit of ((-185344)/6)/(-2) + 6/9?
4
Let r be -7*(0 - (-15)/(-35)). Suppose -4*o = -3*o - 4, 4*z = r*o + 836. What is the hundreds digit of z?
2
Let v(d) = 56*d**2 - 40*d - 148. What is the tens digit of v(-3)?
7
Let v = 388 - 132. Let w = 547 - v. What is the hundreds digit of w?
2
Let d = -25901 + 37011. What is the hundreds digit of d?
1
Suppose 5*p = 3*q - 19, -19 = 3*q + 5*p - 18. Suppose -k = -5*w + 7119, -q*w + 1 = 3*k - 4256. What is the tens digit of w?
2
Let q(o) = 102*o + 216. Let y(f) = 51*f + 108. Let w(x) = 2*q(x) - 5*y(x). What is the hundreds digit of w(-12)?
5
Let t be (-81025)/(-95) - (-16)/152. Suppose -3*f + t = -299. What is the units digit of f?
4
Let u = -113 - -117. Suppose u*b = 596 + 20. Suppose b = 4*k - 194. What is the tens digit of k?
8
Let b be ((-54)/72)/(1/4). Let g be (14/(-4) - b)*6. What is the units digit of -15*(g - 25/(-15))?
0
Let a be (1/3)/(6/18). Let r be 12 + (0/a)/4. What is the units digit of (-2 + 1)*-3*r?
6
Let d be (-70)/(-4)*(1 - 15/(-21)). Suppose 0 = d*p - 28*p - 146. What is the tens digit of p?
7
Let v(a) be the first derivative of 25*a**4/12 - a**3/3 - a**2/2 - 8*a - 27. Let j(z) be the first derivative of v(z). What is the tens digit of j(1)?
2
Let v(z) = 14*z**2 - 20*z - 82. Let p(r) = -3*r**2 + 4*r + 16. Let g(h) = -11*p(h) - 2*v(h). What is the tens digit of g(4)?
5
Let z be 5403*(-8)/(-48) - (-15)/6. Let a = -416 + z. What is the units digit of a?
7
Let w(o) = 5*o**2 + 20*o - 27. Let i(y) = 11*y**2 + 40*y - 53. Let d(x) = -6*i(x) + 13*w(x). What is the tens digit of d(12)?
6
What is the units digit of (50/60)/(28/18984)?
5
What is the thousands digit of (3 - 10)/((-6 - 5)/17347)?
1
Let w = -19 - -22. Suppose -p + 16 = 2*f, 5*f - 47 = -w*p - 0. Let s(x) = -x**2 + 17*x + 39. What is the tens digit of s(p)?
8
Suppose -3*a + 33 = 51. What is the tens digit of (a/(-10))/(-1 - (-872)/870)?
6
Suppose 0*j + 2*p + 124 = 2*j, -5*p = -15. Let y = j - 59. What is the tens digit of 412/y*(-12)/(-8)?
0
Let g be (-6 + (-19224)/40)*-5. Let i = g - 1634. What is the tens digit of i?
9
Suppose -4552 = -2*g - 5*z + 194, 4*g - 7*z - 9492 = 0. What is the thousands digit of g?
2
Suppose -w - 385 = -7*z + 2*z, z = -2*w + 66. Suppose 21 - z = -5*g. What is the hundreds digit of (g + 1)*319/22?
1
Let w = 93 + 1948. What is the tens digit of w?
4
Let k(q) = 15*q + 193. Let t be k(0). Let y = -50 + t. What is the tens digit of y?
4
Suppose -6*i + 9505 = -i + 5*j, -j = -4. Suppose m + 3*k - 140 = 801, -3*k + i = 2*m. What is the units digit of m?
6
Let z = 157 - 148. Let a(f) be the second derivative of 4*f**3/3 - 25*f**2/2 - f. What is the units digit of a(z)?
7
Suppose 0 = -126*h + 531151 + 531911. What is the tens digit of h?
3
Let n(m) = 2*m**3 + 15*m**2 + 3*m + 4. Let h be n(-7). Suppose 2098 = 5*u - h. What is the tens digit of u?
2
Let v(h) = 2*h + 1. Let s be v(2). Let u be (-102)/(-7)*19/((-266)/(-392)). Suppose -s*b + u = 3. What is the units digit of b?
1
What is the hundreds digit of 6360/742*((-4)/1 - -2328)?
9
Suppose 4*q - 4*k = -414 + 4202, -5*q + 4759 = -k. What is the hundreds digit of q?
9
Let i = -1267 + 797. Let n = 750 + i. What is the units digit of n?
0
Let q = -10595 + 19643. What is the units digit of q?
8
Let s = -5168 + 3465. Let w = 3460 + s. What is the hundreds digit of w?
7
Suppose 0 = -5*g + 20, -17*d + 2*g = -16*d - 33499. What is the units digit of d?
7
Suppose -o + 6*m - 4*m = -606, -1216 = -2*o + 2*m. Suppose -2*v - 2*i = -o, -v + 387 - 102 = -4*i. What is the units digit of v?
1
Suppose a - 8*k = -4*k + 21, -a + k = -9. Suppose a*q - 2 = 8. What is the hundreds digit of ((-3195)/(-75))/((-2)/(-20)*q)?
2
Let f(u) = 5*u**3 + 2*u**2 + u - 2. Let b be f(1). Suppose -b = 2*c - 4. What is the hundreds digit of c + 6/(-9)*-159?
1
What is the tens digit of (-15)/((-45)/28518) + 1?
0
Let z = 139 - 57. Suppose -3*l = q - l - z, -4*q - 2*l + 310 = 0. What is the units digit of q?
6
Let r be ((-12)/(-36))/(2 + 227/(-114)). Suppose -3*n + n = r. Let f = 28 + n. What is the units digit of f?
9
Suppose 7*f - 3*f - 12 = 0. Suppose 0 = -165*o + 127*o + 24 + 52. Suppose 0 = n - f*x - 165, o*n + 0*n + 3*x = 339. What is the units digit of n?
8
Let k = -1392 - -2939. What is the units digit of k?
7
Suppose -2*k + 75646 = 5*r, -3*r - 151266 = 28*k - 32*k. What is the thousands digit of k?
7
Let c be (2 - 298/(-8))/((-12)/(-96)). Suppose -c = -7*w - 34. Suppose 8*q = 9*q - w. What is the units digit of q?
0
Let y = 1 - -8. Let f(s) = 2 - 1 - 4 - 229*s + 2 + 231*s. What is the units digit of f(y)?
7
Let s be (-76)/(-10) + 120/(-200). What is the units digit of (-2)/s - 100032/(-56)?
6
Let z be -4*(3/1)/3. What is the hundreds digit of (14/4)/(z + (-4292)/(-1072))?
9
Let j(w) = 940*w + 4921. What is the units digit of j(43)?
1
Suppose -4*m + 13836 = -4*f, -2*m - 153*f = -152*f - 6915. What is the hundreds digit of m?
4
Suppose 6*c + 2*c - 25113 = 21751. What is the tens digit of c?
5
Suppose 945 = 5*b - 370. Let z be 1/((-8)/(-224))*(-1 + 6). Let n = b - z. What is the hundreds digit of n?
1
Let g(v) = 197*v + 97. What is the hundreds digit of g(4)?
8
Suppose 2*p + 1 + 2 = -t, -24 = -3*t + 5*p. Suppose -x = -t*r + 242, 2*r = 5*x + 219 + 1030. Let c = x - -384. What is the units digit of c?
3
Suppose 2*s + 10 = 4*s. Suppose 2*k = 5*o + 742, s*o - 110 = -k + 231. What is the tens digit of k?
6
Suppose k + 3*z - 18628 = 0, 115*k + 5*z = 116*k - 18572. What is the thousands digit of k?
8
Suppose -1268 + 12998 = 10*s. Suppose 2129 = 13*f - s. What is the tens digit of f?
5
Suppose q = w - 21, 5*w - q = 8*w - 55. Suppose -w*g - 2486 = -41*g. What is the units digit of g?
3
Let h be (-3646)/5 - ((-24)/(-30) + 0). Let i = 258 - h. What is the hundreds digit of i?
9
Suppose 3*h - 260 = -15*x + 14*x, 346 = 4*h + x. What is the units digit of h?
6
Suppose -8*u + 288 + 48 = 0. Suppose -5*x - 5*w = -35, 4*w = 2*x - 2 - u. What is the tens digit of (x - 8)*23/1?
9
Let u(h) = h**2 - 8*h + 344. What is the thousands digit of u(-23)?
1
Let m(a) be the first derivative of 3*a**2/2 + 60*a - 16. Let x be m(-10). What is the tens digit of (-1)/5 + -1*(-5946)/x?
9
Let t(y) = 2030*y - 3139. What is the units digit of t(8)?
1
Let l(t) = 9801*t - 1768. What is the ten thousands digit of l(2)?
1
Let c = 5 - -72. Let l = -80 + c. What is the hundreds digit of l/(1415/355 + -4)?
2
Suppose 2*u + s = 679, -4*u + 811 = -5*s - 540. Suppose -4*v - 5*r + u = -633, -4*v + 972 = 2*r. What is the tens digit of v?
4
Let j(i) = 25*i - 1483. Let w be j(40). Let x(h) = -h**3 + 708. Let z be x(0). Let b = w + z. What is the hundreds digit of b?
2
Suppose -3*j + 19 = -32. Suppose j*n = 5509 + 220. What is the tens digit of n?
3
Let c be (531/(-4)*2)/((-6)/8). Suppose 4*h - 3*m - c = h, -5*h - 5*m = -540. What is the tens digit of h?
1
Let m = -715 + 833. Suppose 10 = 4*v - 14. Suppose -v*i - m = -382. What is the units digit of i?
4
Suppose 18*j = -11*j + 174. Let f(g) = 3*g**2 + 7*g + 10. What is the hundreds digit of f(j)?
1
What is the hundreds digit of (626/((-10)/(-3)*1))/((-3)/(-15))?
9
Suppose -3*z + 11833 = -p, 18*p = -4*z + 21*p + 15784. What is the thousands digit of z?
3
Suppose -210 = -a - 0*n + 5*n, 597 = 3*a - 4*n. Let w be 43450/121 - (-180)/(-165). Let r = w - a. What is the units digit of r?
3
Let r(q) = 242*q**2 - q - 1. Let g be r(1). Suppose g = 61*a - 66*a. Let b = 15 - a. What is the units digit of b?
3
Suppose -5*b = 5*y + 44 - 114, -5*b - 3*y = -72. Let a = b - -321. What is the units digit of a?
6
Suppose 0 = d - 3*n - 16286, -4*d = -3*n + 5*n - 65158. What is the ten thousands digit of d?
1
Let y(w) = -2*w**3 + 11*w**2 - 27*w - 273. What is the thousands digit of y(-14)?
7
Let t be (-6)/(-45) + 515/75. Let h(i) = 5*i - 31. Let z be h(t). Suppose -4*v - 698 = 